56367 composite?
False
Is 65913101 prime?
False
Is 101692963 a composite number?
True
Is 5448047 a prime number?
False
Is 32533777 composite?
False
Is 43752169 a composite number?
True
Is 1622031035 composite?
True
Is 970834107 a prime number?
False
Is 19476869 composite?
False
Is 4813451 a composite number?
False
Is 113301129 composite?
True
Is 38718887 a prime number?
True
Is 3931891 composite?
False
Is 4580971 composite?
True
Is 45531481 a composite number?
True
Is 86744993 prime?
False
Is 22549271 a prime number?
True
Is 5685541 a composite number?
True
Is 256159 a composite number?
True
Is 2683531 a composite number?
True
Is 104172361 a prime number?
True
Is 1311731 a prime number?
False
Is 566337111 composite?
True
Is 2555669 prime?
True
Is 7551737 composite?
True
Is 587029 composite?
True
Is 34376863 prime?
False
Is 132740609 composite?
True
Is 23101999 a composite number?
False
Is 10786487 composite?
False
Is 12072119 composite?
False
Is 4598581 composite?
True
Is 7126123 a prime number?
True
Is 12096743 a prime number?
False
Is 133975939 prime?
False
Is 1552009 a prime number?
False
Is 11312857 composite?
True
Is 1016162426 composite?
True
Is 303502757 prime?
True
Is 2469757 a composite number?
False
Is 3010691 a composite number?
False
Is 327553 a prime number?
True
Is 72841003 composite?
True
Is 57438703 composite?
True
Is 178207217 composite?
False
Is 1296277 prime?
True
Is 26716157 composite?
True
Is 400877 a prime number?
False
Is 206327371 a composite number?
True
Is 9082213 a prime number?
False
Is 25318801 a composite number?
False
Is 4081123 a prime number?
False
Is 3998881 prime?
True
Is 370202419 prime?
True
Is 68387219 a prime number?
False
Is 722737 a composite number?
False
Is 7696811 composite?
False
Is 133851667 a composite number?
True
Is 555347 prime?
False
Is 2233709 a composite number?
False
Is 174238381 a composite number?
True
Is 1001239 a prime number?
False
Is 95806447 prime?
False
Is 485069 a composite number?
True
Is 27836213 a composite number?
False
Is 74039939 a composite number?
False
Is 256570151 prime?
True
Is 1575577 a composite number?
True
Is 4188617 a prime number?
True
Is 16448738 a composite number?
True
Is 14251969 prime?
False
Is 209184517 composite?
True
Is 86779409 composite?
False
Is 1025327 a prime number?
True
Is 120804617 composite?
True
Is 424397 a composite number?
False
Is 20926153 composite?
False
Is 7611521 composite?
False
Is 20221919 composite?
True
Is 341389057 a composite number?
False
Is 17269751 a composite number?
False
Is 98827337 composite?
True
Is 981882079 a composite number?
False
Is 256910861 a composite number?
False
Is 1404757 prime?
False
Is 284306641 prime?
True
Is 5736371 a prime number?
True
Is 463669463 a composite number?
False
Is 1218607 prime?
False
Is 32779783 composite?
False
Is 5564453 composite?
False
Is 3377377 prime?
True
Is 14495071 composite?
False
Is 2866667 prime?
True
Is 12880795 prime?
False
Is 38998711 prime?
False
Is 41353 composite?
True
Is 37579141 prime?
False
Is 3475519 a composite number?
True
Is 402203237 composite?
True
Is 81964489 prime?
True
Is 8971591 prime?
False
Is 8201969 a composite number?
False
Is 2477443 a composite number?
True
Is 204421751 prime?
True
Is 116958437 composite?
True
Is 3226367 a prime number?
False
Is 100579763 a prime number?
True
Is 4344593 composite?
True
Is 410899 a prime number?
True
Is 741897341 composite?
False
Is 21699317 a composite number?
True
Is 6089057 composite?
True
Is 4953451 a prime number?
True
Is 1632038 a composite number?
True
Is 740309 composite?
True
Is 27958789 prime?
True
Is 6611179 composite?
False
Is 160053137 a prime number?
True
Is 247133603 prime?
False
Is 409294909 a prime number?
False
Is 578338 composite?
True
Is 19774037 prime?
False
Is 504947557 a composite number?
True
Is 16724249 composite?
True
Is 494673847 a prime number?
True
Is 166574911 a composite number?
True
Is 26058859 prime?
True
Is 62885899 a prime number?
True
Is 2054963 composite?
True
Is 20410265 a composite number?
True
Is 85800397 a composite number?
True
Is 819977 composite?
False
Is 2088085 composite?
True
Is 306910397 a prime number?
True
Is 39334037 a composite number?
False
Is 7253773 a composite number?
False
Is 602971 composite?
False
Is 371051585 a prime number?
False
Is 2326294273 a composite number?
False
Is 52776137 a prime number?
False
Is 21733867 a composite number?
False
Is 180373 composite?
True
Is 909427 composite?
True
Is 42651781 prime?
True
Is 21705953 composite?
True
Is 22188547 composite?
True
Is 38926509 a prime number?
False
Is 42992309 composite?
False
Is 235098193 a composite number?
True
Is 235870241 a prime number?
True
Is 842539 composite?
True
Is 40809453 prime?
False
Is 27090017 prime?
True
Is 27577309 a composite number?
True
Is 98576653 composite?
True
Is 2780273 a composite number?
False
Is 55773769 composite?
False
Is 59794303 composite?
True
Is 333217409 prime?
False
Is 1364513 prime?
False
Is 4591661 a prime number?
True
Is 60891469 prime?
True
Is 12947423 a prime number?
False
Is 48432662 composite?
True
Is 51959077 prime?
True
Is 6601201 a composite number?
False
Is 407897 a composite number?
True
Is 24753851 a prime number?
False
Is 63756499 a prime number?
True
Is 3988003 a composite number?
False
Is 197048641 prime?
True
Is 5431561 a composite number?
False
Is 13309849 composite?
True
Is 50999269 prime?
False
Is 54073693 prime?
True
Is 98805193 composite?
False
Is 1075103 a composite number?
False
Is 37916971 composite?
True
Is 49161779 composite?
True
Is 11041273 prime?
True
Is 19851593 a prime number?
True
Is 52106993 composite?
True
Is 21835141 a prime number?
False
Is 2446567 composite?
False
Is 4566301 a composite number?
False
Is 9064801 composite?
False
Is 1188931 prime?
True
Is 101696929 a composite number?
False
Is 1286071 composite?
False
Is 5590213 composite?
False
Is 262164839 prime?
False
Is 15333881 a prime number?
False
Is 5919674 a prime number?
False
Is 437041765 prime?
False
Is 134935417 a prime number?
True
Is 37625693 a composite number?
True
Is 675651 a composite number?
True
Is 407247749 a composite number?
False
Is 306461521 a prime number?
True
Is 3935089 a composite number?
False
Is 2190679 composite?
False
Is 625763 prime?
True
Is 2430871 prime?
True
Is 16543745 a composite number?
True
Is 10355309 a prime number?
True
Is 4167851 a composite number?
True
Is 17078021 a prime number?
False
Is 261097 a prime number?
False
Is 6439793 a composite number?
True
Is 4624453 a prime number?
True
Is 33136423 a composite number?
True
Is 3276246185 a composite number?
True
Is 200090443 a composite number?
True
Is 6054817 a composite number?
False
Is 6747339 composite?
True
Is 27291449 a composite number?
True
Is 819620717 a composite number?
False
Is 354545033 composite?
True
Is 3472061 a composite number?
False
Is 1778041 a composite number?
False
Is 24641681 a composite number?
False
Is 63617209 a prime number?
True
Is 500542559 composite?
True
Is 10199113 a composite number?
False
Is 3200221 prime?
False
Is 1545701 a composite number?
False
Is 6299329 a prime number?
False
Is 190355209 prime?
False
Is 3281497 prime?
True
Is 23492033 composite?
False
Is 15902441 prime?
False
Is 1085038 composite?
True
Is 1281317 a composite number?
False
Is 281780399 composite?
False
Is 15878237 a composite number?
True
Is 42017681 prime?
False
Is 103182139 a prime number?
True
Is 54524759 prime?
True
Is 2036779 a composite number?
True
Is 156824951 a prime number?
False
Is 926029 prime?
False
Is 90485554 prime?
False
Is 431989 a composite number?
True
Is 5732309 composite?
True
Is 34107379 a prime number?
True
Is 2629411 a composite number?
True
Is 65479 prime?
True
Is 77853301 a prime number?
False
Is 91533769 a composite number?
True
Is 3460837 composite?
True
Is 15271873 composite?
False
Is 39577691 prime?
True
Is 1128923 prime?
False
Is 20419613 a composite number?
False
Is 60286027 a composite number?
False
Is 25602949 prime?
True
Is 4671857 composite?
False
Is 2650693 a composite number?
True
Is 22470187 prime?
True
Is 209339659 a composite number?
True
Is 7311529 composite?
True
Is 2147639 a prime number?
False
Is 660629 a composite number?
True
Is 1341091 compo